s of 133708375.
5, 1069667
List the prime factors of 1097944905.
3, 5, 23, 1613, 1973
List the prime factors of 3075945716.
2, 37, 3253, 6389
List the prime factors of 53554001.
307, 174443
List the prime factors of 4900204771.
7, 11, 9091289
List the prime factors of 50185016.
2, 7, 18289
List the prime factors of 2769459792.
2, 3, 11, 109, 48121
What are the prime factors of 237725039?
12377, 19207
List the prime factors of 1115613373.
7, 421, 378559
List the prime factors of 71676048.
2, 3, 691, 2161
List the prime factors of 536073035.
5, 107214607
What are the prime factors of 5109966?
2, 3, 31543
List the prime factors of 1004312946.
2, 3, 7, 13, 1839401
What are the prime factors of 296998245?
3, 5, 17, 4793
What are the prime factors of 94017952?
2, 7, 43, 227
What are the prime factors of 32452254?
2, 3, 67, 71, 379
List the prime factors of 60555580.
2, 5, 107, 28297
What are the prime factors of 123055470?
2, 3, 5, 455761
List the prime factors of 782897615.
5, 37, 809, 5231
List the prime factors of 285949171.
285949171
List the prime factors of 703065986.
2, 7, 50218999
List the prime factors of 15758677.
11, 17, 47, 163
List the prime factors of 2890927840.
2, 5, 43, 420193
List the prime factors of 22902941.
461, 49681
List the prime factors of 791238368.
2, 24726199
List the prime factors of 56164397.
56164397
What are the prime factors of 1783735438?
2, 17, 52462807
List the prime factors of 16242772.
2, 7, 13, 44623
What are the prime factors of 31900744?
2, 3987593
List the prime factors of 3925040607.
3, 436115623
What are the prime factors of 179348378?
2, 11, 331, 2239
What are the prime factors of 216725207?
29, 463, 16141
What are the prime factors of 3513694254?
2, 3, 7, 53, 73, 3089
List the prime factors of 34231638.
2, 3, 7, 41, 103, 193
List the prime factors of 14169567.
3, 227, 20807
What are the prime factors of 39607022?
2, 7, 13, 269, 809
What are the prime factors of 588112562?
2, 294056281
What are the prime factors of 36959643?
3, 7, 23, 1109
List the prime factors of 180228360.
2, 3, 5, 13, 8887
What are the prime factors of 166696763?
101, 1650463
List the prime factors of 202565160.
2, 3, 5, 7, 31, 2593
List the prime factors of 17343363.
3, 29, 163, 1223
List the prime factors of 129555675.
3, 5, 593, 971
What are the prime factors of 4275813?
3, 1425271
What are the prime factors of 14064218?
2, 7, 19, 37, 1429
List the prime factors of 6137147562.
2, 3, 7, 13, 29, 31, 12503
List the prime factors of 898843445.
5, 4363, 41203
What are the prime factors of 32363575?
5, 71, 18233
What are the prime factors of 7949590511?
6917, 1149283
List the prime factors of 140086855.
5, 349, 80279
What are the prime factors of 1443517719?
3, 7, 17, 237851
What are the prime factors of 165699144?
2, 3, 13, 211, 839
List the prime factors of 608799222.
2, 3, 283, 119513
List the prime factors of 626419692.
2, 3, 17400547
What are the prime factors of 117372828?
2, 3, 17, 79, 7283
What are the prime factors of 1216906470?
2, 3, 5, 13, 26669
What are the prime factors of 116835121?
13, 1447, 6211
List the prime factors of 7132946855.
5, 43, 61, 543877
List the prime factors of 180464349.
3, 13, 47, 98453
What are the prime factors of 3476701229?
17, 23, 773, 11503
List the prime factors of 90001097.
3203, 28099
List the prime factors of 79682082.
2, 3, 29, 457943
What are the prime factors of 4230091292?
2, 7, 101, 331, 4519
List the prime factors of 70244040.
2, 3, 5, 585367
List the prime factors of 226846027.
43, 809, 6521
List the prime factors of 6715756739.
19, 1123, 314747
List the prime factors of 156146324.
2, 29, 71, 18959
What are the prime factors of 1083847?
1083847
List the prime factors of 72460126.
2, 313, 115751
What are the prime factors of 141890601?
3, 47296867
What are the prime factors of 632610294?
2, 3, 105435049
What are the prime factors of 13089106?
2, 1979, 3307
What are the prime factors of 1026327910?
2, 5, 17, 6037223
What are the prime factors of 41169466?
2, 13, 19, 83339
What are the prime factors of 68892484?
2, 113, 152417
What are the prime factors of 344653537?
79, 971, 4493
List the prime factors of 173409258.
2, 3, 11, 2627413
What are the prime factors of 1074755?
5, 11, 19541
What are the prime factors of 2348630560?
2, 5, 14678941
List the prime factors of 227788555.
5, 47, 107, 9059
What are the prime factors of 1150783812?
2, 3, 31966217
What are the prime factors of 69942517?
23, 3040979
What are the prime factors of 94671003?
3, 7, 677, 6659
What are the prime factors of 1288568021?
13, 99120617
List the prime factors of 4782161715.
3, 5, 318810781
List the prime factors of 393219425.
5, 131, 120067
List the prime factors of 2103980874.
2, 3, 350663479
What are the prime factors of 924181046?
2, 457, 1011139
What are the prime factors of 11773182?
2, 3, 313, 6269
What are the prime factors of 654160319?
23, 28441753
List the prime factors of 962881818.
2, 3, 769, 208687
What are the prime factors of 115229375?
5, 331, 557
What are the prime factors of 935226732?
2, 3, 11, 7085051
List the prime factors of 616846299.
3, 79, 911, 2857
List the prime factors of 1011925616.
2, 13, 211, 23057
List the prime factors of 154455049.
7, 22065007
List the prime factors of 450307693.
11, 89, 317, 1451
List the prime factors of 60048837.
3, 23, 96697
List the prime factors of 666916527.
3, 37, 6008257
What are the prime factors of 97529047?
7, 11, 1266611
What are the prime factors of 750167604?
2, 3, 1063, 19603
List the prime factors of 51455026.
2, 7, 3675359
What are the prime factors of 47710807?
83, 607, 947
List the prime factors of 868572915.
3, 5, 7, 1723, 4801
List the prime factors of 33490295.
5, 1697, 3947
What are the prime factors of 56014361?
13, 23, 187339
List the prime factors of 122681755.
5, 7, 103, 34031
List the prime factors of 2970874809.
3, 7, 47156743
What are the prime factors of 1510037195?
5, 302007439
List the prime factors of 47329054.
2, 17, 367, 3793
What are the prime factors of 429702?
2, 3, 7, 13, 787
List the prime factors of 3301011314.
2, 37, 257, 173573
List the prime factors of 24462072.
2, 3, 339751
List the prime factors of 1925024233.
11, 181, 966863
List the prime factors of 623180500.
2, 5, 1246361
List the prime factors of 252235038.
2, 3, 11, 173, 22091
What are the prime factors of 64064106?
2, 3, 3559117
What are the prime factors of 16863839?
3319, 5081
List the prime factors of 1590614392.
2, 198826799
What are the prime factors of 1374886547?
349, 1823, 2161
List the prime factors of 1066616264.
2, 7, 19046719
List the prime factors of 2188338511.
2188338511
What are the prime factors of 61496520?
2, 3, 5, 643, 797
What are the prime factors of 36283753?
11, 3298523
What are the prime factors of 55479415?
5, 17, 652699
List the prime factors of 87722431.
17, 5160143
What are the prime factors of 1271093502?
2, 3, 7, 17, 19, 43, 2179
List the prime factors of 111587074.
2, 55793537
List the prime factors of 804192627.
3, 7, 38294887
What are the prime factors of 53854640?
2, 5, 7, 17, 5657
What are the prime factors of 46143975?
3, 5, 615253
What are the prime factors of 223143891?
3, 3761, 19777
What are the prime factors of 495157578?
2, 3, 82526263
List the prime factors of 64839025.
5, 2593561
What are the prime factors of 616866478?
2, 308433239
List the prime factors of 2281803436.
2, 11, 487, 106487
What are the prime factors of 5270234257?
109, 227, 212999
What are the prime factors of 221605821?
3, 787, 10429
What are the prime factors of 4615381874?
2, 229, 10077253
List the prime factors of 5120563642.
2, 17, 150604813
List the prime factors of 28689836.
2, 7, 193, 5309
List the prime factors of 526009382.
2, 263004691
What are the prime factors of 1263580784?
2, 37, 167, 12781
List the prime factors of 5040076278.
2, 3, 840012713
What are the prime factors of 270959123?
270959123
What are the prime factors of 70486933?
11, 43, 149021
List the prime factors of 91853689.
91853689
What are the prime factors of 376537524?
2, 3, 11, 1289, 2213
List the prime factors of 156636397.
31, 5052787
What are the prime factors of 4017589073?
17, 883, 267643
What are the prime factors of 21957374?
2, 67, 163861
List the prime factors